Suppose 0 = -9*w - 127 + 469. Calculate the greatest common divisor of w and 19.
19
Suppose -72*b + 73*b - 20 = 0. Let r be 60*((-6)/(-4))/3. What is the highest common factor of r and b?
10
Let c(v) = v**2 - 2*v - 4. Let l be c(6). Let t = 22 - 165. Let r = -138 - t. Calculate the greatest common factor of r and l.
5
Suppose -21 = -3*a - 0*a. Suppose 0 = -6*w + a*w - 60. What is the highest common divisor of w and 24?
12
Suppose -5*h = -4*n + 1, -2*n + 16 = 3*h - 1. Suppose -h*f + 154 = -m, 8*m - 3*m + 5 = 0. Calculate the greatest common factor of f and 17.
17
Let u be 976 + 0 - (-264)/(-33). What is the greatest common factor of 8 and u?
8
Let a be (-2 + 14)*(6 - 44/8). What is the greatest common divisor of a and 318?
6
Let a(i) = -3*i - 8. Let f be a(-4). Let j be f/(-10) + (-660)/(-25). What is the highest common divisor of 286 and j?
26
Let v be (-858)/15 + ((-2)/(-10) - 0). Let g = 120 + v. What is the highest common divisor of 18 and g?
9
Let u = 23 + -11. Suppose u*c = 7*c + 160. What is the greatest common divisor of 96 and c?
32
Suppose -2*s = -6*s + 16. Let v = -3 + s. What is the greatest common factor of v and 13?
1
Suppose -3*w - 2*w = -330. Let b = 101 - w. Suppose -4*p + 10 = -5*g + 48, -b = -2*g - 5*p. Calculate the greatest common factor of g and 15.
5
Let r(o) = -29*o - 10. Let n be r(-5). Let x(a) = a**3 + 5*a**2 - 5*a + 2. Let p be x(-5). What is the highest common divisor of p and n?
27
Let i = 137 + -79. Suppose 7*l - i = 33. What is the greatest common divisor of l and 286?
13
Let u be ((-7)/14)/(((-3)/378)/1). Calculate the greatest common divisor of 49 and u.
7
Let x(u) = 5*u**2 - 64*u - 44. Let j be x(14). What is the highest common factor of j and 8?
8
Suppose -5*o + 2*n + 48 = 0, -3*o + 2*n + 7 = -21. Suppose -5*j - 807 = -932. What is the greatest common divisor of j and o?
5
Let y(z) = z**2 - 21*z - 4. Let i be y(-3). Let r be (-3)/9 - 37/(-3). Suppose 0 = 2*x + r - 46. Calculate the highest common factor of i and x.
17
Suppose 0 = 2*s - 5*v - 117, 3*v + 38 = s - 23. Calculate the greatest common divisor of 46 and s.
46
Suppose 0 = 2*c - 11*c + 1035. What is the greatest common factor of c and 5?
5
Suppose -17*a = -12*a + 1805. Let t be (a + 1)/(-2)*3. Suppose 2*g = 6*g - t. Calculate the greatest common divisor of 15 and g.
15
Let g = -109 - -42. Let r = g - -69. Calculate the highest common factor of r and 1.
1
Let r = 32 - 30. Suppose -r*o + o = -52. Calculate the highest common factor of 130 and o.
26
Let t be -4*((-1)/2 - 1). Suppose -2*k - 13 = -5*o, -30*k - 2*o + 34 = -26*k. Calculate the highest common factor of t and k.
6
Suppose t + 1 - 15 = 0. Suppose 3*d = t*d - 495. What is the greatest common divisor of d and 18?
9
Suppose -107*t - 7 = -108*t. What is the greatest common divisor of t and 7?
7
Let d be (355/15)/(9/135). Calculate the greatest common factor of d and 284.
71
Let b = -2746 + 3062. What is the highest common divisor of 8 and b?
4
Let o(q) = 6*q + 16. Let t be o(3). Let c be 50/12 + (-2)/12. Suppose -5*w = 3*i - 8*i + 250, -c = -4*w. Calculate the highest common divisor of i and t.
17
Let g = 79 - 44. Suppose -5*d + 6*z + 38 = 4*z, 4 = -z. Let w be -14*(-15)/d*4. Calculate the highest common divisor of w and g.
35
Let i be (0 - (212 + 2))*-1. Let w = i - 100. Suppose 0 = -2*l + r + w, l + 0*r - 57 = -4*r. Calculate the highest common factor of 38 and l.
19
Let n = -449 + 485. Calculate the highest common factor of 3204 and n.
36
Let f = 657 + 549. Calculate the highest common divisor of f and 18.
18
Let n be 1/((0 - 0) + -1)*-5. Suppose -150 = -n*q + 110. What is the greatest common divisor of q and 208?
52
Let z(f) = 8*f**2 - 7*f - 11. Let n be z(12). Let b be n/5 - -4 - 3/(-5). Calculate the highest common factor of b and 27.
27
Suppose 102 - 14 = 4*b. Suppose -4*d = 4*l - 216, 4*l + 60 = d - l. Calculate the highest common factor of b and d.
11
Suppose -3*k + 19 = -l - 8*k, 2*k = -2*l + 2. Let x = 16 + 19. Suppose -x = i - l*i. Calculate the greatest common factor of i and 14.
7
Let g = 3 + 1. Suppose 0 = 4*r - 2*s - 882, 5*r - g*s - 1095 = -0*r. Let q = -79 + r. Calculate the highest common factor of q and 16.
16
Suppose 4*f + 3*h = 93, -2*f = -4*h + 3*h - 49. What is the highest common divisor of f and 768?
24
Let h be 4/6 - 2454/(-18). Suppose u - 3*y - 2*y - 67 = 0, 0 = -3*u - y + h. What is the highest common factor of u and 517?
47
Let r = -311 - -409. What is the highest common factor of r and 28?
14
Let s be (-2)/2 - (10 - 21). Suppose 0 = -3*a + s*a - 140. What is the greatest common divisor of a and 30?
10
Let t = 281 + -218. What is the highest common factor of 504 and t?
63
Let r(m) = -3*m + 9. Let z be r(5). Let b be 8/2 - (-1 + z). What is the greatest common factor of b and 33?
11
Let a(n) = -105*n - 1. Let r be a(-1). What is the greatest common factor of 65 and r?
13
Let x(z) = 42*z**2 - 6*z + 2. Let d be x(2). Let h = 228 - d. What is the highest common divisor of 28 and h?
14
Let o = -315 + 400. Calculate the greatest common factor of o and 493.
17
Let a be 30 + (-2)/(14/(-21)) + -11. Suppose 0*q - 4 = -4*q. Let b = 1 + q. What is the highest common factor of a and b?
2
Let w(v) = 9*v**2 - 19*v + 14. Let i be w(5). What is the greatest common factor of i and 252?
36
Let q = 2113 + -2083. What is the highest common factor of q and 48?
6
Suppose -c = i - 174, 3*c + 0*c = -5*i + 532. Calculate the greatest common divisor of 26 and c.
13
Suppose b + 2*b = 0. Suppose b = -0*h + 2*h - 32. Calculate the greatest common factor of h and 16.
16
Suppose -41 = -5*w + 184. Suppose -8*a + 6*a + 16 = 0. Let p be ((-6)/2)/(a/(-24)). Calculate the greatest common factor of w and p.
9
Let b(l) = -l**3 - 12*l**2 + 7*l - 35. Let n be b(-15). Calculate the highest common divisor of 5 and n.
5
Let w(j) = -j + 6. Let b be w(3). Suppose 0 = -l - 5*m - b + 4, 5*l + 2*m = 28. Calculate the greatest common divisor of 42 and l.
6
Suppose 13*v + 14 = 15*v. Suppose -v = -p + 9. What is the greatest common divisor of 64 and p?
16
Let y(o) = -o + 61. Let k be y(6). Calculate the highest common factor of 44 and k.
11
Let p = 576 - 535. What is the highest common factor of p and 1107?
41
Let y = -1004 + 1332. What is the greatest common divisor of y and 41?
41
Suppose -28 = -4*n + 16. Suppose -8*r = -n*r + 165. What is the highest common factor of r and 33?
11
Suppose w = -2 - 0. Let f be 0 + w + (1 - 4). Let m = f - -23. What is the greatest common factor of m and 18?
18
Suppose 0 = 5*v + d - 102, -3*v = d + 18 - 80. What is the highest common factor of v and 640?
20
Let c = -941 - -981. What is the greatest common divisor of c and 10?
10
Let u be -9 + (1 - (-27)/3). Calculate the greatest common factor of u and 70.
1
Suppose -19*k + 26*k = -14. Let h be k - 1 - (-27 + -20) - 0. What is the highest common divisor of 66 and h?
22
Suppose b - 5*s - 13 - 8 = 0, 5*s = 3*b - 63. Calculate the greatest common divisor of 1680 and b.
21
Let v(a) = 71*a**3 + 14*a - 35. Let j be v(2). Calculate the highest common divisor of j and 33.
33
Let j be ((-15)/(-9) - 2)*(-7 - -1). Suppose 0 = 2*f + j*f - 8. What is the greatest common factor of 8 and f?
2
Suppose -5*f - 14 + 71 = w, 3*w = 5*f - 49. What is the highest common factor of 143 and f?
11
Let n(a) = -3*a + 1. Let g be n(-3). Suppose -31 = -14*q + 389. What is the highest common factor of q and g?
10
Let r be 16*((-15)/10 + -4). Let d = -23 - r. What is the highest common divisor of 13 and d?
13
Let d(v) = -24*v**2 + 551*v + 53. Let t be d(23). Let h = -77 + 122. Calculate the greatest common divisor of h and t.
15
Suppose -2*f + 3111 = 635. Let b = f - 710. Suppose 0*n - b = -3*n. What is the greatest common divisor of 22 and n?
22
Suppose 1 = 3*o - 3*g - 119, 4*o = -3*g + 174. What is the highest common divisor of o and 28?
14
Let p be 27/((-44)/(-16) - 2). Let i = -24 + p. What is the greatest common divisor of 3 and i?
3
Let g(i) = -102*i + 270. Let v be g(2). What is the greatest common factor of v and 18?
6
Let o = 28 + -13. Suppose o*b - 12*b - 6 = 0. Let t be 15/b - (-6)/(-4). Calculate the greatest common divisor of 2 and t.
2
Let l be 1/(-4) + (3 - (-266)/8). Let w = 51 - l. Suppose -p + 4 = -2. What is the highest common factor of p and w?
